e 3 + -9 + (1 - -2). What is y(u)?
-3
Let i(p) = -6*p - 1. Let s(r) = -15*r - 6. Let c(d) = 10*d + 4. Let w(h) = 8*c(h) + 5*s(h). Let a(j) = 3*i(j) + 4*w(j). Determine a(-5).
-5
Suppose 3*j + 3 + 9 = 0. Let n(x) = 5*x + 5. Let w(a) = a - 1. Let h(s) = n(s) - 4*w(s). Calculate h(j).
5
Let q(o) = o - 1. Suppose 5*k = 4 + 1, -8 = f - 2*k. Let y be (2/f)/(3/(-72)). Let u = y + -8. Determine q(u).
-1
Let x(p) = -p**3 + p**2 + p. Let k(l) = -21*l**3 + 6*l**2 + 8*l - 1. Let z(u) = k(u) - 6*x(u). What is z(1)?
-14
Let m(b) = 2*b**3 - 2*b**2 - 4*b + 5. Let p(h) = h**3 + h**2. Suppose -2*t - o = 2, -5*o + o + 2 = -2*t. Let n(l) = t*m(l) + 3*p(l). Give n(-4).
-5
Let d(o) = -o**3 + 5*o**2 + 0*o**2 - 7 + 5*o - o**2. Let b be 4/(-8) + 22/4. Give d(b).
-7
Let c(q) = q - 6. Let g(u) = -6*u + 31. Suppose 5*t + 16 = -3*s + 6, -s - 8 = 4*t. Let l(i) = t*g(i) - 11*c(i). Let x be (-1)/2*-2 - -3. Determine l(x).
8
Let f(l) = -8 + 11 + l**2 + 4 + l. Suppose 4*p - 12 = -n, 5*n + 2*p = -0*n + 6. Give f(n).
7
Let i(g) = -7*g**2 + 2*g - 1. Let q(k) = k**2 - k - 1. Let c(d) = d**2 + 6*d + 2. Let m be c(-6). Let x be q(m). Let z be (-2)/x*3/(-6). What is i(z)?
-6
Let m(z) be the third derivative of -z**8/10080 + z**7/840 - z**6/720 - 2*z**5/15 + 3*z**2. Let l(w) be the third derivative of m(w). Give l(4).
-9
Let r(i) = -5*i - 9. Suppose -4*p - 10 = -3*p. Let c = 17 + p. Let w(u) = -6*u - 10. Let d(b) = c*r(b) - 6*w(b). Give d(0).
-3
Let n(c) = -c**2 + 3*c**2 - 42*c**3 + 41*c**3. What is n(2)?
0
Let k(g) be the third derivative of -g**4/24 - 4*g**3/3 + g**2. Let u be 12/(-2) - (0 + 0). Calculate k(u).
-2
Let k(j) = 2*j**2 - 2*j - 2. Let n = 0 - 2. Let a = 5 + n. Suppose -p - 4 = 3*h, -a + 1 = -3*p - 2*h. Give k(p).
2
Let z = -3 + 3. Let b(n) be the second derivative of -1/2*n**2 - 1/2*n**3 - 1/20*n**5 + n - 1/4*n**4 + z. What is b(-3)?
8
Let t be 10/(-4)*(-24)/20. Let a(n) = 5 + 2*n**t - n + 0*n**3 + 3*n**3 - 6*n**3. What is a(0)?
5
Let w(r) = 7*r + 12. Let p(v) = 3*v + 6. Let m(x) = -5*p(x) + 2*w(x). Calculate m(-6).
0
Let p(i) = 3*i**2 - i + 1. Let w be p(1). Let b(k) = -3*k**2 + k + 9 - k**w - 9. Calculate b(-3).
-3
Let j(d) = -6*d**3 + d**2 + d - 1. Let c be j(1). Let a(i) be the third derivative of 1/12*i**4 + i**2 + 0 + 0*i + 7/6*i**3. What is a(c)?
-3
Let a(v) = -v - 1. Let n(h) = 2*h + 1. Let d(x) = -4*a(x) - 3*n(x). Determine d(1).
-1
Let u(y) = y + 1. Let n(q) = 4*q + 7. Let l(a) = n(a) - 5*u(a). Determine l(-4).
6
Let d(r) be the first derivative of -r**3/3 + r**2/2 - 10. Determine d(4).
-12
Let o = 46 - 31. Let x be 2/5 + 39/o. Let r(c) = -c**2 + 2*c + 1. Give r(x).
-2
Let h(k) be the first derivative of -k**5/120 - k**4/24 + k**3 + 3. Let p(i) be the third derivative of h(i). What is p(-3)?
2
Let r(j) be the second derivative of j**7/2520 - j**6/240 - j**4/12 + 2*j. Let m(x) be the third derivative of r(x). Let w be 0 + 3 - (-2)/(-2). Determine m(w).
-2
Let w(j) = -j**3 + 0*j + 2*j + 7*j**3 - 2 + 0*j - 8*j**2. Let t(p) = 4*p - 4*p - 2*p + 9*p**2 + 2 - 7*p**3. Let v(d) = 5*t(d) + 6*w(d). Give v(3).
4
Let q(t) = t**3 + 3*t**2 + t - 2. Let u be q(-3). Let l = 7 + u. Let x(y) = 1 - y**l + y - y**3 + 2 + 2. Calculate x(0).
5
Let c(t) = -t**2 + 1. Let z(o) = -6*o**2 - o + 2. Let g(i) = c(i) - z(i). What is g(1)?
5
Let t(p) = -14*p + 10. Let k(s) = -6 + 7 + 6 - 9*s. Let b(o) = -8*k(o) + 5*t(o). Determine b(5).
4
Suppose -4*o = 3*r + 5 - 3, 0 = -5*r - o + 8. Let b(w) = w**3 - 2*w**2 + 4*w - 3. Give b(r).
5
Let k(j) be the third derivative of j**6/120 - j**5/20 - j**3/3 - 5*j**2. What is k(3)?
-2
Let p(w) = -18*w. Suppose -3*q + 5*q = 2. What is p(q)?
-18
Let b(i) = 1. Suppose -18 = -4*j + 2. Let d(w) = w + 5. Let r(v) = j*b(v) - d(v). Suppose -5*k + 2 = 22. Calculate r(k).
4
Let n(x) = -3*x**3 - x**2 + 14*x + 14. Let v(p) = p**3 - 5*p - 5. Let u(y) = 3*n(y) + 8*v(y). Give u(-3).
-4
Let p(b) = -4*b - 2. Let v(l) = l. Let h = -1 - 1. Let x be v(h). What is p(x)?
6
Let v(c) = c + 8. Let j be ((-3)/6)/(3/30). Let g be j/10 - (-22)/(-4). What is v(g)?
2
Let o = -73 + 66. Let z(s) = -s**2 - 4*s + 5. Calculate z(o).
-16
Suppose 124*b = 127*b - 24. Let d(h) = h**3 - 8*h**2 - h + 6. Give d(b).
-2
Let f(a) be the first derivative of 6*a + 1/3*a**3 + 2 + 1/2*a**2. Let j = -7 - -7. Give f(j).
6
Let q(p) be the first derivative of -p + 3/4*p**4 + 2/3*p**3 + 0*p**2 + 1. Let h be 3/6*-4 + 1. Determine q(h).
-2
Let l(x) = x**2 + 14*x + 18. Let w be l(-13). Let k be 4/(-6) - 195/(-9). Suppose -w*c + 0*c - 3*b - 6 = 0, 5*b - k = 2*c. Let p(n) = -n + 1. What is p(c)?
4
Let k(h) = -h**2 - 7*h + 4. Let o(m) = -m**3 + 2*m**2 - 1. Let a be o(1). Let l = -6 + a. Give k(l).
10
Let b(y) = 3*y + 2 + 0 + 4 - 6*y**2 + y**3. Let c = 185 + -180. Give b(c).
-4
Let z = -20 - -22. Let t(i) = -i**3 + 3*i**2 - i + 1. What is t(z)?
3
Let h(c) = c - 2. Suppose -u - 3*o - 12 = -3*u, 3*o = 0. Let j be h(u). Let i(q) = -q + 0*q**2 - 1 + q**2 + j*q. What is i(-5)?
9
Let n(f) = 2*f**3 - 2*f + 2*f**2 - 4*f**2 - 2*f**2 + 4*f. Suppose -5*a + 3*b = -1, a - 3*b = 2*b - 13. Determine n(a).
4
Let w(p) = p**3 - p**2 + p + 1. Let z(l) = 3*l**3 + 2*l**2 - l + 2. Let x(c) = 4*w(c) - z(c). What is x(4)?
-10
Let q(v) = v - 7. Let y(r) = -r**3 + 10*r**2 - 10*r + 9. Let d be y(9). Suppose d*j - 6 = -j. Determine q(j).
-1
Let u(a) be the second derivative of a**7/840 + a**6/360 - a**5/120 + a**4/24 - a**3 + a. Let c(z) be the second derivative of u(z). Determine c(1).
2
Let q(k) = -3*k**3 + k**2. Let t(r) be the first derivative of r**3/3 + r**2 + r - 2. Let v be t(-3). Suppose g + 27 = 2*u - v*g, -2*u + 2*g = -12. Give q(u).
-2
Let d = 193 - 196. Let u(g) = g**2 + 8*g + 4. Give u(d).
-11
Let b be ((-68)/51)/((-2)/(-6)). Let y(g) = -5*g + 3. Calculate y(b).
23
Let d(f) = -2*f**2 + 2*f - 2. Let r = -67 - -70. Determine d(r).
-14
Let t(h) be the second derivative of -h**3/2 - 2*h**2 - 3*h. Let u(b) = -b - 2. Let a(v) = 3*t(v) - 7*u(v). What is a(3)?
-4
Let l(p) = -p**2 + 3*p - 4. Let h be l(1). Let z(r) = -2*r**3 + r**2 + 8*r**3 + 2*r - 7*r**3 + 2. Give z(h).
10
Let y = -2 - -4. Let s be 11/(-1) + -2 + y. Let x = s + 8. Let t(a) = -a**3 - 3*a**2 - 3*a - 3. Determine t(x).
6
Suppose c - 6*c = 0. Let k be (1/(-1))/(2/(-6)). Let i(d) = c*d**3 + d**3 + 0*d**2 - k*d**2 - 1. What is i(3)?
-1
Let o(g) = -2*g**2 + 7*g - 5. Suppose 5*l - 11 = 4. Suppose 4 = l*b - 2. Let z be (-1 - b)/(-3) - -3. What is o(z)?
-9
Suppose 7 = 5*c + 2. Let u(m) = -c + 5 - m + 4 - 1. Give u(6).
1
Suppose 7 = 2*f + 1. Suppose -i = -f*i - 12. Let w(r) = r + 7. Determine w(i).
1
Let x(a) = a - 2. Suppose -n + 16 = -0*n + 5*i, -4*n - 2*i = -28. What is x(n)?
4
Suppose -4*x - 28 = -4*a, 4*x = -x - 25. Let r be (18/(-12))/(a/(-4)). Let d(f) = 3*f**3 - f**2 + 0*f**2 - 4*f**3 + 1 + 2*f + 4*f**2. Determine d(r).
7
Let u(i) be the first derivative of 1 - 6*i**2 + i - 2*i**2 + 3. Calculate u(1).
-15
Suppose -6 = 3*d - d. Let r(o) = 1 + 5*o**2 + 6*o - 4*o**2 - 2 - o. Calculate r(d).
-7
Let k = -9 - -15. Let b(s) = -2*s + 1 + k*s + 0*s. Let w be (-1 + 4)*(-2)/(-6). Calculate b(w).
5
Let v(x) = -17*x + 9. Let s(u) = -4*u + 2. Let h be ((-18)/(-12))/((-3)/(-8)). Let m(g) = h*v(g) - 18*s(g). Give m(-1).
-4
Let c(m) be the second derivative of -7*m**4/24 - m**3/6 - m**2/2 + 2*m. Let l(t) be the first derivative of c(t). Let v = 2 + -3. Give l(v).
6
Let h(k) be the first derivative of -k**3/3 + 7*k**2/2 + k + 2. Calculate h(8).
-7
Let f(n) = 4 + 5*n**2 + 0 - 6*n - n**3 + 0*n**3. Suppose 36 = 2*a + 28. What is f(a)?
-4
Suppose 0 = -o + 3*o - 3*n - 5, 0 = -5*o - 5*n - 50. Let s(v) = -2*v - 7. Determine s(o).
3
Let f be -3*(-3)/18*6. Let o(b) be the third derivative of 1/60*b**5 - 5/24*b**4 + 1/6*b**3 + 0*b - 2*b**2 + 0. Calculate o(f).
-5
Let h(g) = 24 + 0*g**3 - 26 - g**3. Suppose t + 4*t = 0. Give h(t).
-2
Suppose -3*c + 3*m = 24, -4*m + 20 = -5*c + 3*c. Let n(d) = d**3 + 7*d**2 + 6*d - 4. Give n(c).
-4
Let m(h) = 0*h + 3 - 9*h**2 - h**3 + 3 - 4*h + 2*h**3. Let j be (-3)/2*(-20)/6. Let x(k) = -k**3 + 8*k**2 + 3*k - 5. Let w(s) = j*m(s) + 6*x(s). Calculate w(2).
0
Let h(i) = i**3 - i**2 + i - 7. Suppose 26 = q - 4*q - 5*f, -5*q + 5*f + 10 = 0. Let z be q - (2 - (-2 + 6)). Calculate h(z).
-7
Let h(y) be the third derivative of -y**5/60 - y**4/6 - y**3/2 - 10*y**2. Suppose 